{"id":10337,"date":"2025-06-10T21:22:34","date_gmt":"2025-06-10T14:22:34","guid":{"rendered":"https:\/\/tuyensinh.hmtu.edu.vn\/?page_id=10337"},"modified":"2025-06-10T21:37:54","modified_gmt":"2025-06-10T14:37:54","slug":"xac-nhan-dong-le-phi-ts-dhcq-2025","status":"publish","type":"page","link":"https:\/\/tuyensinh.hmtu.edu.vn\/?page_id=10337","title":{"rendered":"X\u00e1c nh\u1eadn \u0111\u00f3ng l\u1ec7 ph\u00ed TS \u0110HCQ 2025"},"content":{"rendered":"\t\t<div data-elementor-type=\"wp-page\" data-elementor-id=\"10337\" class=\"elementor elementor-10337\" data-elementor-post-type=\"page\">\n\t\t\t\t\t\t<section data-particle_enable=\"false\" data-particle-mobile-disabled=\"false\" class=\"elementor-section elementor-top-section elementor-element elementor-element-924e3df elementor-section-boxed elementor-section-height-default elementor-section-height-default\" data-id=\"924e3df\" data-element_type=\"section\">\n\t\t\t\t\t\t<div class=\"elementor-container elementor-column-gap-no\">\n\t\t\t\t\t<div class=\"elementor-column elementor-col-100 elementor-top-column elementor-element elementor-element-42dd5b6\" data-id=\"42dd5b6\" data-element_type=\"column\">\n\t\t\t<div class=\"elementor-widget-wrap elementor-element-populated\">\n\t\t\t\t\t\t<div class=\"elementor-element elementor-element-a1ee1f5 elementor-widget-divider--view-line_text elementor-widget-divider--element-align-center elementor-widget elementor-widget-divider\" data-id=\"a1ee1f5\" data-element_type=\"widget\" data-widget_type=\"divider.default\">\n\t\t\t\t<div class=\"elementor-widget-container\">\n\t\t\t\t\t\t\t<div class=\"elementor-divider\">\n\t\t\t<span class=\"elementor-divider-separator\">\n\t\t\t\t\t\t\t<span class=\"elementor-divider__text elementor-divider__element\">\n\t\t\t\tX\u00c1C NH\u1eacN \u0110\u00d3NG L\u1ec6 PH\u00cd TUY\u1ec2N SINH \u0110HCQ 2025\t\t\t\t<\/span>\n\t\t\t\t\t\t<\/span>\n\t\t<\/div>\n\t\t\t\t\t\t<\/div>\n\t\t\t\t<\/div>\n\t\t\t\t\t<\/div>\n\t\t<\/div>\n\t\t\t\t\t<\/div>\n\t\t<\/section>\n\t\t\t\t<section data-particle_enable=\"false\" data-particle-mobile-disabled=\"false\" class=\"elementor-section elementor-top-section elementor-element elementor-element-396bac8 elementor-section-full_width elementor-section-height-default elementor-section-height-default\" data-id=\"396bac8\" data-element_type=\"section\" data-settings=\"{&quot;background_background&quot;:&quot;classic&quot;}\">\n\t\t\t\t\t\t<div class=\"elementor-container elementor-column-gap-custom\">\n\t\t\t\t\t<div class=\"elementor-column elementor-col-50 elementor-top-column elementor-element elementor-element-bc346b0\" data-id=\"bc346b0\" data-element_type=\"column\">\n\t\t\t<div class=\"elementor-widget-wrap elementor-element-populated\">\n\t\t\t\t\t\t<div class=\"elementor-element elementor-element-997ad43 elementor-widget elementor-widget-text-editor\" data-id=\"997ad43\" data-element_type=\"widget\" data-widget_type=\"text-editor.default\">\n\t\t\t\t<div class=\"elementor-widget-container\">\n\t\t\t\t\t\t\t\t\t<p style=\"text-align: justify;\"><span style=\"color: #000000; font-size: 100%; font-family: tahoma, arial, helvetica, sans-serif;\">\u00a0<\/span><\/p><p style=\"text-align: justify;\"><span style=\"color: #000000; font-size: 100%; font-family: tahoma, arial, helvetica, sans-serif;\"><img decoding=\"async\" class=\"alignnone wp-image-2858\" src=\"https:\/\/tuyensinh.hmtu.edu.vn\/wp-content\/uploads\/2024\/04\/icon-dau-tick-2.png\" alt=\"\" width=\"18\" height=\"18\" srcset=\"https:\/\/tuyensinh.hmtu.edu.vn\/wp-content\/uploads\/2024\/04\/icon-dau-tick-2.png 225w, https:\/\/tuyensinh.hmtu.edu.vn\/wp-content\/uploads\/2024\/04\/icon-dau-tick-2-150x150.png 150w, https:\/\/tuyensinh.hmtu.edu.vn\/wp-content\/uploads\/2024\/04\/icon-dau-tick-2-45x45.png 45w\" sizes=\"(max-width: 18px) 100vw, 18px\" \/> Thi\u0301 sinh co\u0301 th\u00ea\u0309 g\u1eedi th\u00f4ng tin \u0111\u00f3ng l\u1ec7 ph\u00ed tuy\u1ec3n sinh \u0110\u1ea1i h\u1ecdc ch\u00ednh quy 2025 qua Form n\u00e0y<\/span><\/p><p><span style=\"font-size: 100%; font-family: tahoma, arial, helvetica, sans-serif;\"><span style=\"color: #000000;\"><span style=\"color: #000000; font-size: 100%; font-family: tahoma, arial, helvetica, sans-serif;\"><img decoding=\"async\" class=\"alignnone wp-image-2858\" src=\"https:\/\/tuyensinh.hmtu.edu.vn\/wp-content\/uploads\/2024\/04\/icon-dau-tick-2.png\" alt=\"\" width=\"18\" height=\"18\" srcset=\"https:\/\/tuyensinh.hmtu.edu.vn\/wp-content\/uploads\/2024\/04\/icon-dau-tick-2.png 225w, https:\/\/tuyensinh.hmtu.edu.vn\/wp-content\/uploads\/2024\/04\/icon-dau-tick-2-150x150.png 150w, https:\/\/tuyensinh.hmtu.edu.vn\/wp-content\/uploads\/2024\/04\/icon-dau-tick-2-45x45.png 45w\" sizes=\"(max-width: 18px) 100vw, 18px\" \/><\/span> N\u00ea\u0301u co\u0301 v\u01b0\u1edbng m\u1eafc, kho\u0301 kh\u0103n na\u0300o xin vui lo\u0300ng go\u0323i <\/span><span style=\"color: #000000;\"><span style=\"color: #ff0000;\"><strong><a style=\"color: #ff0000;\" href=\"tel:%200563.291.788\">0563.291.788<\/a>\u00a0<\/strong><\/span>ho\u1eb7c\u00a0<a style=\"color: #000000;\" href=\"tel:%2002203.891.788\"><strong><span style=\"color: #ff0000;\">02203.891.788 <\/span><\/strong><\/a><\/span><span style=\"color: #000000;\">\u0111\u00ea\u0309 \u0111\u01b0\u01a1\u0323c gia\u0309i \u0111a\u0301p<\/span><\/span><\/p><p style=\"text-align: right;\"><strong><span style=\"color: #000000; font-size: 100%; font-family: tahoma, arial, helvetica, sans-serif;\">B\u1ed9 ph\u1eadn tuy\u1ec3n sinh HMTU !<\/span><\/strong><\/p>\t\t\t\t\t\t\t\t<\/div>\n\t\t\t\t<\/div>\n\t\t\t\t\t<\/div>\n\t\t<\/div>\n\t\t\t\t<div class=\"elementor-column elementor-col-50 elementor-top-column elementor-element elementor-element-3035942\" data-id=\"3035942\" data-element_type=\"column\">\n\t\t\t<div class=\"elementor-widget-wrap elementor-element-populated\">\n\t\t\t\t\t\t<div class=\"elementor-element elementor-element-c25720d elementor-widget elementor-widget-text-editor\" data-id=\"c25720d\" data-element_type=\"widget\" data-widget_type=\"text-editor.default\">\n\t\t\t\t<div class=\"elementor-widget-container\">\n\t\t\t\t\t\t\t\t\t<p style=\"text-align: center;\">\n<div class=\"wpcf7 no-js\" id=\"wpcf7-f10340-o1\" lang=\"vi\" dir=\"ltr\" data-wpcf7-id=\"10340\">\n<div class=\"screen-reader-response\"><p role=\"status\" aria-live=\"polite\" aria-atomic=\"true\"><\/p> <ul><\/ul><\/div>\n<form action=\"\/index.php?rest_route=%2Fwp%2Fv2%2Fpages%2F10337#wpcf7-f10340-o1\" method=\"post\" class=\"wpcf7-form init\" aria-label=\"Form li\u00ean h\u1ec7\" enctype=\"multipart\/form-data\" novalidate=\"novalidate\" data-status=\"init\">\n<fieldset class=\"hidden-fields-container\"><input type=\"hidden\" name=\"_wpcf7\" value=\"10340\" \/><input type=\"hidden\" name=\"_wpcf7_version\" value=\"6.1.5\" \/><input type=\"hidden\" name=\"_wpcf7_locale\" value=\"vi\" \/><input type=\"hidden\" name=\"_wpcf7_unit_tag\" value=\"wpcf7-f10340-o1\" \/><input type=\"hidden\" name=\"_wpcf7_container_post\" value=\"0\" \/><input type=\"hidden\" name=\"_wpcf7_posted_data_hash\" value=\"\" \/><input type=\"hidden\" name=\"_wpcf7cf_hidden_group_fields\" value=\"[]\" \/><input type=\"hidden\" name=\"_wpcf7cf_hidden_groups\" value=\"[]\" \/><input type=\"hidden\" name=\"_wpcf7cf_visible_groups\" value=\"[]\" \/><input type=\"hidden\" name=\"_wpcf7cf_repeaters\" value=\"[]\" \/><input type=\"hidden\" name=\"_wpcf7cf_steps\" value=\"{}\" \/><input type=\"hidden\" name=\"_wpcf7cf_options\" value=\"{&quot;form_id&quot;:10340,&quot;conditions&quot;:[],&quot;settings&quot;:{&quot;animation&quot;:&quot;yes&quot;,&quot;animation_intime&quot;:200,&quot;animation_outtime&quot;:200,&quot;conditions_ui&quot;:&quot;normal&quot;,&quot;notice_dismissed&quot;:false,&quot;notice_dismissed_update-cf7-5.9.8&quot;:true}}\" \/>\n<\/fieldset>\n<div class=\"cf-container\">\n\t<div class=\"cf-col-6\">\n\t\t<p><label> Ho\u0323 va\u0300 t\u00ean (*)<br \/>\n<span class=\"wpcf7-form-control-wrap\" data-name=\"ho-va-ten\"><input size=\"40\" maxlength=\"400\" class=\"wpcf7-form-control wpcf7-text wpcf7-validates-as-required\" aria-required=\"true\" aria-invalid=\"false\" placeholder=\"Nh\u00e2\u0323p ho\u0323 t\u00ean \u0111\u00e2\u0300y \u0111u\u0309\" value=\"\" type=\"text\" name=\"ho-va-ten\" \/><\/span> <\/label>\n\t\t<\/p>\n\t<\/div>\n\t<div class=\"cf-col-6\">\n\t\t<p><label> S\u00f4\u0301 c\u0103n c\u01b0\u01a1\u0301c c\u00f4ng d\u00e2n (*)<br \/>\n<span class=\"wpcf7-form-control-wrap\" data-name=\"so-CCCD\"><input size=\"40\" maxlength=\"400\" class=\"wpcf7-form-control wpcf7-text wpcf7-validates-as-required\" aria-required=\"true\" aria-invalid=\"false\" value=\"\" type=\"text\" name=\"so-CCCD\" \/><\/span> <\/label>\n\t\t<\/p>\n\t<\/div>\n\t<div class=\"cf-col-6\">\n\t\t<p><label> Nga\u0300y tha\u0301ng n\u0103m sinh (*)<br \/>\n<span class=\"wpcf7-form-control-wrap\" data-name=\"ngay-thang-nam-sinh\"><input class=\"wpcf7-form-control wpcf7-date wpcf7-validates-as-required wpcf7-validates-as-date\" aria-required=\"true\" aria-invalid=\"false\" placeholder=\"\" value=\"\" type=\"date\" name=\"ngay-thang-nam-sinh\" \/><\/span> <\/label>\n\t\t<\/p>\n\t<\/div>\n\t<div class=\"cf-col-6\">\n\t\t<p><label> S\u00f4\u0301 \u0111i\u00ea\u0323n thoa\u0323i thi\u0301 sinh (*)<br \/>\n<span class=\"wpcf7-form-control-wrap\" data-name=\"SDT-cua-ban\"><input size=\"40\" maxlength=\"400\" class=\"wpcf7-form-control wpcf7-text wpcf7-validates-as-required\" aria-required=\"true\" aria-invalid=\"false\" value=\"\" type=\"text\" name=\"SDT-cua-ban\" \/><\/span> <\/label>\n\t\t<\/p>\n\t<\/div>\n\t<div class=\"cf-col-6\">\n\t\t<p><label> Nga\u0300y \u0111\u00f3ng l\u1ec7 ph\u00ed (*)<br \/>\n<span class=\"wpcf7-form-control-wrap\" data-name=\"ngay-dong-LP\"><input class=\"wpcf7-form-control wpcf7-date wpcf7-validates-as-required wpcf7-validates-as-date\" aria-required=\"true\" aria-invalid=\"false\" placeholder=\"\" value=\"\" type=\"date\" name=\"ngay-dong-LP\" \/><\/span> <\/label>\n\t\t<\/p>\n\t<\/div>\n\t<div class=\"cf-col-6\">\n\t\t<p><label> S\u1ed1 ti\u1ec1n \u0111\u00e3 \u0111\u00f3ng (*)<br \/>\n<span class=\"wpcf7-form-control-wrap\" data-name=\"so-tien\"><input size=\"40\" maxlength=\"400\" class=\"wpcf7-form-control wpcf7-text wpcf7-validates-as-required\" aria-required=\"true\" aria-invalid=\"false\" value=\"\" type=\"text\" name=\"so-tien\" \/><\/span> <\/label>\n\t\t<\/p>\n\t<\/div>\n\t<div class=\"cf-col-12\">\n\t\t<p><label> G\u1eedi h\u00ecnh \u1ea3nh \u0111\u00e3 chuy\u1ec3n kho\u1ea3n (*)<br \/>\n<span class=\"wpcf7-form-control-wrap\" data-name=\"file-39-hinhCK\"><input size=\"40\" class=\"wpcf7-form-control wpcf7-file wpcf7-validates-as-required\" accept=\"audio\/*,video\/*,image\/*\" aria-required=\"true\" aria-invalid=\"false\" type=\"file\" name=\"file-39-hinhCK\" \/><\/span><\/label>\n\t\t<\/p>\n\t<\/div>\n<\/div>\n<p><input class=\"wpcf7-form-control wpcf7-submit has-spinner\" type=\"submit\" value=\"X\u00e1c nh\u1eadn\" \/>\n<\/p><div class=\"wpcf7-response-output\" aria-hidden=\"true\"><\/div>\n<\/form>\n<\/div>\n\t\t\t\t\t\t\t\t<\/div>\n\t\t\t\t<\/div>\n\t\t\t\t\t<\/div>\n\t\t<\/div>\n\t\t\t\t\t<\/div>\n\t\t<\/section>\n\t\t\t\t<\/div>\n\t\t","protected":false},"excerpt":{"rendered":"<p>X\u00c1C NH\u1eacN \u0110\u00d3NG L\u1ec6 PH\u00cd TUY\u1ec2N SINH \u0110HCQ 2025 \u00a0 Thi\u0301 sinh co\u0301 th\u00ea\u0309 g\u1eedi th\u00f4ng tin \u0111\u00f3ng l\u1ec7 ph\u00ed tuy\u1ec3n sinh \u0110\u1ea1i h\u1ecdc ch\u00ednh quy 2025 qua Form n\u00e0y N\u00ea\u0301u co\u0301 v\u01b0\u1edbng m\u1eafc, kho\u0301 kh\u0103n na\u0300o xin vui lo\u0300ng go\u0323i 0563.291.788\u00a0ho\u1eb7c\u00a002203.891.788 \u0111\u00ea\u0309 \u0111\u01b0\u01a1\u0323c gia\u0309i \u0111a\u0301p B\u1ed9 ph\u1eadn tuy\u1ec3n sinh HMTU !<\/p>\n","protected":false},"author":1,"featured_media":0,"parent":0,"menu_order":0,"comment_status":"closed","ping_status":"closed","template":"","meta":{"footnotes":""},"class_list":["post-10337","page","type-page","status-publish","hentry"],"yoast_head":"<!-- This site is optimized with the Yoast SEO plugin v27.2 - https:\/\/yoast.com\/product\/yoast-seo-wordpress\/ -->\n<title>X\u00e1c nh\u1eadn \u0111\u00f3ng l\u1ec7 ph\u00ed TS \u0110HCQ 2025 - Tuy\u00ea\u0309n sinh tr\u01b0\u01a1\u0300ng \u0110H Ky\u0303 thu\u00e2\u0323t Y t\u00ea\u0301 Ha\u0309i D\u01b0\u01a1ng, tuy\u00ea\u0309n sinh \u0111a\u0323i ho\u0323c y, tuyen sinh dai hoc y<\/title>\n<meta name=\"robots\" content=\"index, follow, max-snippet:-1, max-image-preview:large, max-video-preview:-1\" \/>\n<link rel=\"canonical\" href=\"https:\/\/tuyensinh.hmtu.edu.vn\/?page_id=10337\" \/>\n<meta property=\"og:locale\" content=\"vi_VN\" \/>\n<meta property=\"og:type\" content=\"article\" \/>\n<meta property=\"og:title\" content=\"X\u00e1c nh\u1eadn \u0111\u00f3ng l\u1ec7 ph\u00ed TS \u0110HCQ 2025 - Tuy\u00ea\u0309n sinh tr\u01b0\u01a1\u0300ng \u0110H Ky\u0303 thu\u00e2\u0323t Y t\u00ea\u0301 Ha\u0309i D\u01b0\u01a1ng, tuy\u00ea\u0309n sinh \u0111a\u0323i ho\u0323c y, tuyen sinh dai hoc y\" \/>\n<meta property=\"og:description\" content=\"X\u00c1C NH\u1eacN \u0110\u00d3NG L\u1ec6 PH\u00cd TUY\u1ec2N SINH \u0110HCQ 2025 \u00a0 Thi\u0301 sinh co\u0301 th\u00ea\u0309 g\u1eedi th\u00f4ng tin \u0111\u00f3ng l\u1ec7 ph\u00ed tuy\u1ec3n sinh \u0110\u1ea1i h\u1ecdc ch\u00ednh quy 2025 qua Form n\u00e0y N\u00ea\u0301u co\u0301 v\u01b0\u1edbng m\u1eafc, kho\u0301 kh\u0103n na\u0300o xin vui lo\u0300ng go\u0323i 0563.291.788\u00a0ho\u1eb7c\u00a002203.891.788 \u0111\u00ea\u0309 \u0111\u01b0\u01a1\u0323c gia\u0309i \u0111a\u0301p B\u1ed9 ph\u1eadn tuy\u1ec3n sinh HMTU !\" \/>\n<meta property=\"og:url\" content=\"https:\/\/tuyensinh.hmtu.edu.vn\/?page_id=10337\" \/>\n<meta property=\"og:site_name\" content=\"Tuy\u00ea\u0309n sinh tr\u01b0\u01a1\u0300ng \u0110H Ky\u0303 thu\u00e2\u0323t Y t\u00ea\u0301 Ha\u0309i D\u01b0\u01a1ng, tuy\u00ea\u0309n sinh \u0111a\u0323i ho\u0323c y, tuyen sinh dai hoc y\" \/>\n<meta property=\"article:modified_time\" content=\"2025-06-10T14:37:54+00:00\" \/>\n<meta property=\"og:image\" content=\"https:\/\/tuyensinh.hmtu.edu.vn\/wp-content\/uploads\/2024\/04\/icon-dau-tick-2.png\" \/>\n\t<meta property=\"og:image:width\" content=\"225\" \/>\n\t<meta property=\"og:image:height\" content=\"225\" \/>\n\t<meta property=\"og:image:type\" content=\"image\/png\" \/>\n<meta name=\"twitter:card\" content=\"summary_large_image\" \/>\n<script type=\"application\/ld+json\" class=\"yoast-schema-graph\">{\"@context\":\"https:\/\/schema.org\",\"@graph\":[{\"@type\":\"WebPage\",\"@id\":\"https:\/\/tuyensinh.hmtu.edu.vn\/?page_id=10337\",\"url\":\"https:\/\/tuyensinh.hmtu.edu.vn\/?page_id=10337\",\"name\":\"X\u00e1c nh\u1eadn \u0111\u00f3ng l\u1ec7 ph\u00ed TS \u0110HCQ 2025 - Tuy\u00ea\u0309n sinh tr\u01b0\u01a1\u0300ng \u0110H Ky\u0303 thu\u00e2\u0323t Y t\u00ea\u0301 Ha\u0309i D\u01b0\u01a1ng, tuy\u00ea\u0309n sinh \u0111a\u0323i ho\u0323c y, tuyen sinh dai hoc y\",\"isPartOf\":{\"@id\":\"https:\/\/tuyensinh.hmtu.edu.vn\/#website\"},\"primaryImageOfPage\":{\"@id\":\"https:\/\/tuyensinh.hmtu.edu.vn\/?page_id=10337#primaryimage\"},\"image\":{\"@id\":\"https:\/\/tuyensinh.hmtu.edu.vn\/?page_id=10337#primaryimage\"},\"thumbnailUrl\":\"https:\/\/tuyensinh.hmtu.edu.vn\/wp-content\/uploads\/2024\/04\/icon-dau-tick-2.png\",\"datePublished\":\"2025-06-10T14:22:34+00:00\",\"dateModified\":\"2025-06-10T14:37:54+00:00\",\"breadcrumb\":{\"@id\":\"https:\/\/tuyensinh.hmtu.edu.vn\/?page_id=10337#breadcrumb\"},\"inLanguage\":\"vi\",\"potentialAction\":[{\"@type\":\"ReadAction\",\"target\":[\"https:\/\/tuyensinh.hmtu.edu.vn\/?page_id=10337\"]}]},{\"@type\":\"ImageObject\",\"inLanguage\":\"vi\",\"@id\":\"https:\/\/tuyensinh.hmtu.edu.vn\/?page_id=10337#primaryimage\",\"url\":\"https:\/\/tuyensinh.hmtu.edu.vn\/wp-content\/uploads\/2024\/04\/icon-dau-tick-2.png\",\"contentUrl\":\"https:\/\/tuyensinh.hmtu.edu.vn\/wp-content\/uploads\/2024\/04\/icon-dau-tick-2.png\",\"width\":225,\"height\":225},{\"@type\":\"BreadcrumbList\",\"@id\":\"https:\/\/tuyensinh.hmtu.edu.vn\/?page_id=10337#breadcrumb\",\"itemListElement\":[{\"@type\":\"ListItem\",\"position\":1,\"name\":\"Trang ch\u1ee7\",\"item\":\"https:\/\/tuyensinh.hmtu.edu.vn\/\"},{\"@type\":\"ListItem\",\"position\":2,\"name\":\"X\u00e1c nh\u1eadn \u0111\u00f3ng l\u1ec7 ph\u00ed TS \u0110HCQ 2025\"}]},{\"@type\":\"WebSite\",\"@id\":\"https:\/\/tuyensinh.hmtu.edu.vn\/#website\",\"url\":\"https:\/\/tuyensinh.hmtu.edu.vn\/\",\"name\":\"Tuy\u00ea\u0309n sinh tr\u01b0\u01a1\u0300ng \u0110H Ky\u0303 thu\u00e2\u0323t Y t\u00ea\u0301 Ha\u0309i D\u01b0\u01a1ng\",\"description\":\"Trang th\u00f4ng tin tuy\u00ea\u0309n sinh tr\u01b0\u01a1\u0300ng \u0111a\u0323i ho\u0323c ky\u0303 thu\u00e2\u0323t y t\u00ea\u0301 Ha\u0309i D\u01b0\u01a1ng, tuy\u00ea\u0309n sinh \u0111a\u0323i ho\u0323c y, tuyen sinh dai hoc y\",\"publisher\":{\"@id\":\"https:\/\/tuyensinh.hmtu.edu.vn\/#organization\"},\"alternateName\":\"Trang tuy\u00ea\u0309n sinh tr\u01b0\u01a1\u0300ng \u0110a\u0323i ho\u0323c Ky\u0303 thu\u00e2\u0323t Y t\u00ea\u0301 Ha\u0309i D\u01b0\u01a1ng\",\"potentialAction\":[{\"@type\":\"SearchAction\",\"target\":{\"@type\":\"EntryPoint\",\"urlTemplate\":\"https:\/\/tuyensinh.hmtu.edu.vn\/?s={search_term_string}\"},\"query-input\":{\"@type\":\"PropertyValueSpecification\",\"valueRequired\":true,\"valueName\":\"search_term_string\"}}],\"inLanguage\":\"vi\"},{\"@type\":\"Organization\",\"@id\":\"https:\/\/tuyensinh.hmtu.edu.vn\/#organization\",\"name\":\"Tuy\u00ea\u0309n sinh tr\u01b0\u01a1\u0300ng \u0110H Ky\u0303 thu\u00e2\u0323t Y t\u00ea\u0301 Ha\u0309i D\u01b0\u01a1ng\",\"url\":\"https:\/\/tuyensinh.hmtu.edu.vn\/\",\"logo\":{\"@type\":\"ImageObject\",\"inLanguage\":\"vi\",\"@id\":\"https:\/\/tuyensinh.hmtu.edu.vn\/#\/schema\/logo\/image\/\",\"url\":\"https:\/\/tuyensinh.hmtu.edu.vn\/wp-content\/uploads\/2024\/05\/logo-hien-thi-gui-link-10.jpg\",\"contentUrl\":\"https:\/\/tuyensinh.hmtu.edu.vn\/wp-content\/uploads\/2024\/05\/logo-hien-thi-gui-link-10.jpg\",\"width\":592,\"height\":220,\"caption\":\"Tuy\u00ea\u0309n sinh tr\u01b0\u01a1\u0300ng \u0110H Ky\u0303 thu\u00e2\u0323t Y t\u00ea\u0301 Ha\u0309i D\u01b0\u01a1ng\"},\"image\":{\"@id\":\"https:\/\/tuyensinh.hmtu.edu.vn\/#\/schema\/logo\/image\/\"}}]}<\/script>\n<!-- \/ Yoast SEO plugin. -->","yoast_head_json":{"title":"X\u00e1c nh\u1eadn \u0111\u00f3ng l\u1ec7 ph\u00ed TS \u0110HCQ 2025 - Tuy\u00ea\u0309n sinh tr\u01b0\u01a1\u0300ng \u0110H Ky\u0303 thu\u00e2\u0323t Y t\u00ea\u0301 Ha\u0309i D\u01b0\u01a1ng, tuy\u00ea\u0309n sinh \u0111a\u0323i ho\u0323c y, tuyen sinh dai hoc y","robots":{"index":"index","follow":"follow","max-snippet":"max-snippet:-1","max-image-preview":"max-image-preview:large","max-video-preview":"max-video-preview:-1"},"canonical":"https:\/\/tuyensinh.hmtu.edu.vn\/?page_id=10337","og_locale":"vi_VN","og_type":"article","og_title":"X\u00e1c nh\u1eadn \u0111\u00f3ng l\u1ec7 ph\u00ed TS \u0110HCQ 2025 - Tuy\u00ea\u0309n sinh tr\u01b0\u01a1\u0300ng \u0110H Ky\u0303 thu\u00e2\u0323t Y t\u00ea\u0301 Ha\u0309i D\u01b0\u01a1ng, tuy\u00ea\u0309n sinh \u0111a\u0323i ho\u0323c y, tuyen sinh dai hoc y","og_description":"X\u00c1C NH\u1eacN \u0110\u00d3NG L\u1ec6 PH\u00cd TUY\u1ec2N SINH \u0110HCQ 2025 \u00a0 Thi\u0301 sinh co\u0301 th\u00ea\u0309 g\u1eedi th\u00f4ng tin \u0111\u00f3ng l\u1ec7 ph\u00ed tuy\u1ec3n sinh \u0110\u1ea1i h\u1ecdc ch\u00ednh quy 2025 qua Form n\u00e0y N\u00ea\u0301u co\u0301 v\u01b0\u1edbng m\u1eafc, kho\u0301 kh\u0103n na\u0300o xin vui lo\u0300ng go\u0323i 0563.291.788\u00a0ho\u1eb7c\u00a002203.891.788 \u0111\u00ea\u0309 \u0111\u01b0\u01a1\u0323c gia\u0309i \u0111a\u0301p B\u1ed9 ph\u1eadn tuy\u1ec3n sinh HMTU !","og_url":"https:\/\/tuyensinh.hmtu.edu.vn\/?page_id=10337","og_site_name":"Tuy\u00ea\u0309n sinh tr\u01b0\u01a1\u0300ng \u0110H Ky\u0303 thu\u00e2\u0323t Y t\u00ea\u0301 Ha\u0309i D\u01b0\u01a1ng, tuy\u00ea\u0309n sinh \u0111a\u0323i ho\u0323c y, tuyen sinh dai hoc y","article_modified_time":"2025-06-10T14:37:54+00:00","og_image":[{"width":225,"height":225,"url":"https:\/\/tuyensinh.hmtu.edu.vn\/wp-content\/uploads\/2024\/04\/icon-dau-tick-2.png","type":"image\/png"}],"twitter_card":"summary_large_image","schema":{"@context":"https:\/\/schema.org","@graph":[{"@type":"WebPage","@id":"https:\/\/tuyensinh.hmtu.edu.vn\/?page_id=10337","url":"https:\/\/tuyensinh.hmtu.edu.vn\/?page_id=10337","name":"X\u00e1c nh\u1eadn \u0111\u00f3ng l\u1ec7 ph\u00ed TS \u0110HCQ 2025 - Tuy\u00ea\u0309n sinh tr\u01b0\u01a1\u0300ng \u0110H Ky\u0303 thu\u00e2\u0323t Y t\u00ea\u0301 Ha\u0309i D\u01b0\u01a1ng, tuy\u00ea\u0309n sinh \u0111a\u0323i ho\u0323c y, tuyen sinh dai hoc y","isPartOf":{"@id":"https:\/\/tuyensinh.hmtu.edu.vn\/#website"},"primaryImageOfPage":{"@id":"https:\/\/tuyensinh.hmtu.edu.vn\/?page_id=10337#primaryimage"},"image":{"@id":"https:\/\/tuyensinh.hmtu.edu.vn\/?page_id=10337#primaryimage"},"thumbnailUrl":"https:\/\/tuyensinh.hmtu.edu.vn\/wp-content\/uploads\/2024\/04\/icon-dau-tick-2.png","datePublished":"2025-06-10T14:22:34+00:00","dateModified":"2025-06-10T14:37:54+00:00","breadcrumb":{"@id":"https:\/\/tuyensinh.hmtu.edu.vn\/?page_id=10337#breadcrumb"},"inLanguage":"vi","potentialAction":[{"@type":"ReadAction","target":["https:\/\/tuyensinh.hmtu.edu.vn\/?page_id=10337"]}]},{"@type":"ImageObject","inLanguage":"vi","@id":"https:\/\/tuyensinh.hmtu.edu.vn\/?page_id=10337#primaryimage","url":"https:\/\/tuyensinh.hmtu.edu.vn\/wp-content\/uploads\/2024\/04\/icon-dau-tick-2.png","contentUrl":"https:\/\/tuyensinh.hmtu.edu.vn\/wp-content\/uploads\/2024\/04\/icon-dau-tick-2.png","width":225,"height":225},{"@type":"BreadcrumbList","@id":"https:\/\/tuyensinh.hmtu.edu.vn\/?page_id=10337#breadcrumb","itemListElement":[{"@type":"ListItem","position":1,"name":"Trang ch\u1ee7","item":"https:\/\/tuyensinh.hmtu.edu.vn\/"},{"@type":"ListItem","position":2,"name":"X\u00e1c nh\u1eadn \u0111\u00f3ng l\u1ec7 ph\u00ed TS \u0110HCQ 2025"}]},{"@type":"WebSite","@id":"https:\/\/tuyensinh.hmtu.edu.vn\/#website","url":"https:\/\/tuyensinh.hmtu.edu.vn\/","name":"Tuy\u00ea\u0309n sinh tr\u01b0\u01a1\u0300ng \u0110H Ky\u0303 thu\u00e2\u0323t Y t\u00ea\u0301 Ha\u0309i D\u01b0\u01a1ng","description":"Trang th\u00f4ng tin tuy\u00ea\u0309n sinh tr\u01b0\u01a1\u0300ng \u0111a\u0323i ho\u0323c ky\u0303 thu\u00e2\u0323t y t\u00ea\u0301 Ha\u0309i D\u01b0\u01a1ng, tuy\u00ea\u0309n sinh \u0111a\u0323i ho\u0323c y, tuyen sinh dai hoc y","publisher":{"@id":"https:\/\/tuyensinh.hmtu.edu.vn\/#organization"},"alternateName":"Trang tuy\u00ea\u0309n sinh tr\u01b0\u01a1\u0300ng \u0110a\u0323i ho\u0323c Ky\u0303 thu\u00e2\u0323t Y t\u00ea\u0301 Ha\u0309i D\u01b0\u01a1ng","potentialAction":[{"@type":"SearchAction","target":{"@type":"EntryPoint","urlTemplate":"https:\/\/tuyensinh.hmtu.edu.vn\/?s={search_term_string}"},"query-input":{"@type":"PropertyValueSpecification","valueRequired":true,"valueName":"search_term_string"}}],"inLanguage":"vi"},{"@type":"Organization","@id":"https:\/\/tuyensinh.hmtu.edu.vn\/#organization","name":"Tuy\u00ea\u0309n sinh tr\u01b0\u01a1\u0300ng \u0110H Ky\u0303 thu\u00e2\u0323t Y t\u00ea\u0301 Ha\u0309i D\u01b0\u01a1ng","url":"https:\/\/tuyensinh.hmtu.edu.vn\/","logo":{"@type":"ImageObject","inLanguage":"vi","@id":"https:\/\/tuyensinh.hmtu.edu.vn\/#\/schema\/logo\/image\/","url":"https:\/\/tuyensinh.hmtu.edu.vn\/wp-content\/uploads\/2024\/05\/logo-hien-thi-gui-link-10.jpg","contentUrl":"https:\/\/tuyensinh.hmtu.edu.vn\/wp-content\/uploads\/2024\/05\/logo-hien-thi-gui-link-10.jpg","width":592,"height":220,"caption":"Tuy\u00ea\u0309n sinh tr\u01b0\u01a1\u0300ng \u0110H Ky\u0303 thu\u00e2\u0323t Y t\u00ea\u0301 Ha\u0309i D\u01b0\u01a1ng"},"image":{"@id":"https:\/\/tuyensinh.hmtu.edu.vn\/#\/schema\/logo\/image\/"}}]}},"_links":{"self":[{"href":"https:\/\/tuyensinh.hmtu.edu.vn\/index.php?rest_route=\/wp\/v2\/pages\/10337","targetHints":{"allow":["GET"]}}],"collection":[{"href":"https:\/\/tuyensinh.hmtu.edu.vn\/index.php?rest_route=\/wp\/v2\/pages"}],"about":[{"href":"https:\/\/tuyensinh.hmtu.edu.vn\/index.php?rest_route=\/wp\/v2\/types\/page"}],"author":[{"embeddable":true,"href":"https:\/\/tuyensinh.hmtu.edu.vn\/index.php?rest_route=\/wp\/v2\/users\/1"}],"replies":[{"embeddable":true,"href":"https:\/\/tuyensinh.hmtu.edu.vn\/index.php?rest_route=%2Fwp%2Fv2%2Fcomments&post=10337"}],"version-history":[{"count":11,"href":"https:\/\/tuyensinh.hmtu.edu.vn\/index.php?rest_route=\/wp\/v2\/pages\/10337\/revisions"}],"predecessor-version":[{"id":10636,"href":"https:\/\/tuyensinh.hmtu.edu.vn\/index.php?rest_route=\/wp\/v2\/pages\/10337\/revisions\/10636"}],"wp:attachment":[{"href":"https:\/\/tuyensinh.hmtu.edu.vn\/index.php?rest_route=%2Fwp%2Fv2%2Fmedia&parent=10337"}],"curies":[{"name":"wp","href":"https:\/\/api.w.org\/{rel}","templated":true}]}}