{"id":6341,"date":"2024-08-13T09:54:51","date_gmt":"2024-08-13T02:54:51","guid":{"rendered":"https:\/\/tuyensinh.hmtu.edu.vn\/?page_id=6341"},"modified":"2025-06-06T09:55:30","modified_gmt":"2025-06-06T02:55:30","slug":"tra-cuu-thi-sinh-trung-tuyen-dhcq-2024","status":"publish","type":"page","link":"https:\/\/tuyensinh.hmtu.edu.vn\/?page_id=6341","title":{"rendered":"Tra c\u01b0\u0301u thi\u0301 sinh tru\u0301ng tuy\u00ea\u0309n \u0110HCQ 2024"},"content":{"rendered":"\t\t<div data-elementor-type=\"wp-page\" data-elementor-id=\"6341\" class=\"elementor elementor-6341\" data-elementor-post-type=\"page\">\n\t\t\t\t\t\t<section data-particle_enable=\"false\" data-particle-mobile-disabled=\"false\" class=\"elementor-section elementor-top-section elementor-element elementor-element-fe8bb6f elementor-section-full_width elementor-section-height-default elementor-section-height-default\" data-id=\"fe8bb6f\" data-element_type=\"section\">\n\t\t\t\t\t\t<div class=\"elementor-container elementor-column-gap-narrow\">\n\t\t\t\t\t<div class=\"elementor-column elementor-col-100 elementor-top-column elementor-element elementor-element-ed886fe\" data-id=\"ed886fe\" data-element_type=\"column\">\n\t\t\t<div class=\"elementor-widget-wrap elementor-element-populated\">\n\t\t\t\t\t\t<div class=\"elementor-element elementor-element-50b4668 elementor-widget elementor-widget-accordion\" data-id=\"50b4668\" data-element_type=\"widget\" data-widget_type=\"accordion.default\">\n\t\t\t\t<div class=\"elementor-widget-container\">\n\t\t\t\t\t\t\t<div class=\"elementor-accordion\">\n\t\t\t\t\t\t\t<div class=\"elementor-accordion-item\">\n\t\t\t\t\t<div id=\"elementor-tab-title-8461\" class=\"elementor-tab-title\" data-tab=\"1\" role=\"button\" aria-controls=\"elementor-tab-content-8461\" aria-expanded=\"false\">\n\t\t\t\t\t\t\t\t\t\t\t\t\t<span class=\"elementor-accordion-icon elementor-accordion-icon-left\" aria-hidden=\"true\">\n\t\t\t\t\t\t\t\t\t\t\t\t\t\t\t<span class=\"elementor-accordion-icon-closed\"><i class=\"fas fa-angle-double-down\"><\/i><\/span>\n\t\t\t\t\t\t\t\t<span class=\"elementor-accordion-icon-opened\"><i class=\"fas fa-angle-double-up\"><\/i><\/span>\n\t\t\t\t\t\t\t\t\t\t\t\t\t\t<\/span>\n\t\t\t\t\t\t\t\t\t\t\t\t<a class=\"elementor-accordion-title\" tabindex=\"0\">CHU\u0301C M\u01af\u0300NG CA\u0301C THI\u0301 SINH<\/a>\n\t\t\t\t\t<\/div>\n\t\t\t\t\t<div id=\"elementor-tab-content-8461\" class=\"elementor-tab-content elementor-clearfix\" data-tab=\"1\" role=\"region\" aria-labelledby=\"elementor-tab-title-8461\"><p><span style=\"font-family: tahoma, arial, helvetica, sans-serif;\"><em><span style=\"font-size: 100%; color: #000000;\">Xin chu\u0301c m\u01b0\u0300ng ca\u0301c thi\u0301 sinh \u0111a\u0303 \u0111\u0103ng ky\u0301 va\u0300o tr\u01b0\u01a1\u0300ng \u0110a\u0323i Ho\u0323c Ky\u0303 thu\u00e2\u0323t Y t\u00ea\u0301 Ha\u0309i D\u01b0\u01a1ng<\/span><\/em><\/span><\/p><\/div>\n\t\t\t\t<\/div>\n\t\t\t\t\t\t\t<div class=\"elementor-accordion-item\">\n\t\t\t\t\t<div id=\"elementor-tab-title-8462\" class=\"elementor-tab-title\" data-tab=\"2\" role=\"button\" aria-controls=\"elementor-tab-content-8462\" aria-expanded=\"false\">\n\t\t\t\t\t\t\t\t\t\t\t\t\t<span class=\"elementor-accordion-icon elementor-accordion-icon-left\" aria-hidden=\"true\">\n\t\t\t\t\t\t\t\t\t\t\t\t\t\t\t<span class=\"elementor-accordion-icon-closed\"><i class=\"fas fa-angle-double-down\"><\/i><\/span>\n\t\t\t\t\t\t\t\t<span class=\"elementor-accordion-icon-opened\"><i class=\"fas fa-angle-double-up\"><\/i><\/span>\n\t\t\t\t\t\t\t\t\t\t\t\t\t\t<\/span>\n\t\t\t\t\t\t\t\t\t\t\t\t<a class=\"elementor-accordion-title\" tabindex=\"0\">\u0110I\u1ec2M TR\u00daNG TUY\u1ec2N B\u1eb0NG \u0110I\u1ec2M THI THPT V\u00c0O \u0110\u1ea0I H\u1eccC CH\u00cdNH QUY N\u0102M 2024<\/a>\n\t\t\t\t\t<\/div>\n\t\t\t\t\t<div id=\"elementor-tab-content-8462\" class=\"elementor-tab-content elementor-clearfix\" data-tab=\"2\" role=\"region\" aria-labelledby=\"elementor-tab-title-8462\"><p><a href=\"https:\/\/tuyensinh.hmtu.edu.vn\/wp-content\/uploads\/2024\/08\/diem-trung-tuyen-TS-2024-17.08.2024-Update.jpg\"><img fetchpriority=\"high\" decoding=\"async\" class=\"aligncenter wp-image-6419 size-full\" src=\"https:\/\/tuyensinh.hmtu.edu.vn\/wp-content\/uploads\/2024\/08\/diem-trung-tuyen-TS-2024-17.08.2024-Update.jpg\" alt=\"\" width=\"530\" height=\"619\" srcset=\"https:\/\/tuyensinh.hmtu.edu.vn\/wp-content\/uploads\/2024\/08\/diem-trung-tuyen-TS-2024-17.08.2024-Update.jpg 530w, https:\/\/tuyensinh.hmtu.edu.vn\/wp-content\/uploads\/2024\/08\/diem-trung-tuyen-TS-2024-17.08.2024-Update-257x300.jpg 257w\" sizes=\"(max-width: 530px) 100vw, 530px\" \/><\/a><\/p><\/div>\n\t\t\t\t<\/div>\n\t\t\t\t\t\t\t<div class=\"elementor-accordion-item\">\n\t\t\t\t\t<div id=\"elementor-tab-title-8463\" class=\"elementor-tab-title\" data-tab=\"3\" role=\"button\" aria-controls=\"elementor-tab-content-8463\" aria-expanded=\"false\">\n\t\t\t\t\t\t\t\t\t\t\t\t\t<span class=\"elementor-accordion-icon elementor-accordion-icon-left\" aria-hidden=\"true\">\n\t\t\t\t\t\t\t\t\t\t\t\t\t\t\t<span class=\"elementor-accordion-icon-closed\"><i class=\"fas fa-angle-double-down\"><\/i><\/span>\n\t\t\t\t\t\t\t\t<span class=\"elementor-accordion-icon-opened\"><i class=\"fas fa-angle-double-up\"><\/i><\/span>\n\t\t\t\t\t\t\t\t\t\t\t\t\t\t<\/span>\n\t\t\t\t\t\t\t\t\t\t\t\t<a class=\"elementor-accordion-title\" tabindex=\"0\">GHI CHU\u0301, THI\u0301 SINH TRU\u0301NG TUY\u00ca\u0309N PHA\u0309I LA\u0300M<\/a>\n\t\t\t\t\t<\/div>\n\t\t\t\t\t<div id=\"elementor-tab-content-8463\" class=\"elementor-tab-content elementor-clearfix\" data-tab=\"3\" role=\"region\" aria-labelledby=\"elementor-tab-title-8463\"><ol><li style=\"text-align: justify;\"><span style=\"font-size: 100%; color: #000000; font-family: tahoma, arial, helvetica, sans-serif;\">Th\u00ed sinh tr\u00fang tuy\u1ec3n ph\u1ea3i x\u00e1c nh\u1eadn nh\u1eadp h\u1ecdc t\u1ea1i trang: <span style=\"font-size: 115%;\"><a href=\"https:\/\/thisinh.thitotnghiepthpt.edu.vn\"><span style=\"color: #0000ff;\"><strong>https:\/\/thisinh.thitotnghiepthpt.edu.vn<\/strong><\/span><\/a> <\/span><span style=\"color: #ff0000;\"><strong>tr\u01b0\u1edbc 17h00 ng\u00e0y 23\/08\/2024.<\/strong><\/span><\/span><\/li><li style=\"text-align: justify;\"><span style=\"font-size: 100%; color: #000000; font-family: tahoma, arial, helvetica, sans-serif;\">N\u1ebfu th\u00ed sinh kh\u00f4ng x\u00e1c nh\u1eadn nh\u1eadp h\u1ecdc th\u00ec Tr\u01b0\u1eddng coi nh\u01b0 thi sinh \u0111\u00e3 t\u1eeb ch\u00f4\u0301i nh\u1eadp h\u1ecdc v\u00e0 h\u1ecdc t\u1eadp t\u1ea1i tr\u01b0\u1eddng.<\/span><\/li><li style=\"text-align: justify;\"><span style=\"font-size: 100%; color: #000000; font-family: tahoma, arial, helvetica, sans-serif;\">Sau khi x\u00e1c nh\u1eadn nh\u1eadp h\u1ecdc, th\u00ed sinh s\u1ebd nh\u1eadp h\u1ecdc v\u00e0o ng\u00e0y 24\/08\/2024 theo th\u00f4ng b\u00e1o nh\u1eadp h\u1ecdc.<\/span><\/li><\/ol><\/div>\n\t\t\t\t<\/div>\n\t\t\t\t\t\t\t\t<\/div>\n\t\t\t\t\t\t<\/div>\n\t\t\t\t<\/div>\n\t\t\t\t\t<\/div>\n\t\t<\/div>\n\t\t\t\t\t<\/div>\n\t\t<\/section>\n\t\t\t\t<section data-particle_enable=\"false\" data-particle-mobile-disabled=\"false\" class=\"elementor-section elementor-top-section elementor-element elementor-element-0efd29b elementor-section-full_width elementor-section-height-default elementor-section-height-default\" data-id=\"0efd29b\" data-element_type=\"section\">\n\t\t\t\t\t\t<div class=\"elementor-container elementor-column-gap-no\">\n\t\t\t\t\t<div class=\"elementor-column elementor-col-100 elementor-top-column elementor-element elementor-element-c287e5b\" data-id=\"c287e5b\" data-element_type=\"column\">\n\t\t\t<div class=\"elementor-widget-wrap elementor-element-populated\">\n\t\t\t\t\t\t<div class=\"elementor-element elementor-element-d882585 elementor-widget-divider--view-line_text elementor-widget-divider--element-align-center elementor-widget elementor-widget-divider\" data-id=\"d882585\" data-element_type=\"widget\" data-widget_type=\"divider.default\">\n\t\t\t\t<div class=\"elementor-widget-container\">\n\t\t\t\t\t\t\t<div class=\"elementor-divider\">\n\t\t\t<span class=\"elementor-divider-separator\">\n\t\t\t\t\t\t\t<span class=\"elementor-divider__text elementor-divider__element\">\n\t\t\t\tTRA C\u01af\u0301U K\u00ca\u0301T QUA\u0309 TUY\u00ca\u0309N SINH \u0110A\u0323I HO\u0323C CHI\u0301NH QUY 2024\t\t\t\t<\/span>\n\t\t\t\t\t\t<\/span>\n\t\t<\/div>\n\t\t\t\t\t\t<\/div>\n\t\t\t\t<\/div>\n\t\t\t\t\t<\/div>\n\t\t<\/div>\n\t\t\t\t\t<\/div>\n\t\t<\/section>\n\t\t\t\t<section data-particle_enable=\"false\" data-particle-mobile-disabled=\"false\" class=\"elementor-section elementor-top-section elementor-element elementor-element-ecb6e34 elementor-section-full_width elementor-section-height-default elementor-section-height-default\" data-id=\"ecb6e34\" data-element_type=\"section\">\n\t\t\t\t\t\t<div class=\"elementor-container elementor-column-gap-no\">\n\t\t\t\t\t<div class=\"elementor-column elementor-col-100 elementor-top-column elementor-element elementor-element-43199f3\" data-id=\"43199f3\" data-element_type=\"column\">\n\t\t\t<div class=\"elementor-widget-wrap elementor-element-populated\">\n\t\t\t\t\t\t<div class=\"elementor-element elementor-element-6c0b098 elementor-widget elementor-widget-text-editor\" data-id=\"6c0b098\" data-element_type=\"widget\" data-widget_type=\"text-editor.default\">\n\t\t\t\t<div class=\"elementor-widget-container\">\n\t\t\t\t\t\t\t\t\t<p><span style=\"font-family: tahoma, arial, helvetica, sans-serif;\"><span style=\"font-size: 100%; color: #000000;\"><img decoding=\"async\" class=\"alignnone wp-image-9309\" src=\"https:\/\/tuyensinh.hmtu.edu.vn\/wp-content\/uploads\/2025\/04\/V.jpg\" alt=\"\" width=\"30\" height=\"30\">Ca\u0301c d\u01b0\u0303 li\u00ea\u0323u tuy\u00ea\u0309n sinh n\u0103m 2024 \u0111a\u0303 \u0111\u01b0\u01a1\u0323c b\u00f4\u0323 ph\u00e2\u0323n tuy\u00ea\u0309n sinh x\u01b0\u0309 ly\u0301 xong. <\/span><span style=\"color: #000000; font-size: 100%;\">N\u00ea\u0301u ba\u0323n co\u0301 v\u01b0\u1edbng m\u1eafc na\u0300o xin vui lo\u0300ng go\u0323i <a style=\"color: #000000;\" href=\"tel: 0563291788\"><strong>0563.291.788 <\/strong><\/a>\/ <strong><a style=\"color: #000000;\" href=\"tel: 02203891788\">02203.891.788<\/a><\/strong> <strong>&nbsp;<\/strong>\u0111\u00ea\u0309 \u0111\u01b0\u01a1\u0323c h\u00f4\u0303 tr\u01a1\u0323<\/span><\/span><\/p>\t\t\t\t\t\t\t\t<\/div>\n\t\t\t\t<\/div>\n\t\t\t\t\t<\/div>\n\t\t<\/div>\n\t\t\t\t\t<\/div>\n\t\t<\/section>\n\t\t\t\t<\/div>\n\t\t","protected":false},"excerpt":{"rendered":"<p>CHU\u0301C M\u01af\u0300NG CA\u0301C THI\u0301 SINH Xin chu\u0301c m\u01b0\u0300ng ca\u0301c thi\u0301 sinh \u0111a\u0303 \u0111\u0103ng ky\u0301 va\u0300o tr\u01b0\u01a1\u0300ng \u0110a\u0323i Ho\u0323c Ky\u0303 thu\u00e2\u0323t Y t\u00ea\u0301 Ha\u0309i D\u01b0\u01a1ng \u0110I\u1ec2M TR\u00daNG TUY\u1ec2N B\u1eb0NG \u0110I\u1ec2M THI THPT V\u00c0O \u0110\u1ea0I H\u1eccC CH\u00cdNH QUY N\u0102M 2024 GHI CHU\u0301, THI\u0301 SINH TRU\u0301NG TUY\u00ca\u0309N PHA\u0309I LA\u0300M Th\u00ed sinh tr\u00fang tuy\u1ec3n ph\u1ea3i x\u00e1c nh\u1eadn nh\u1eadp h\u1ecdc<\/p>\n","protected":false},"author":1,"featured_media":0,"parent":0,"menu_order":0,"comment_status":"closed","ping_status":"closed","template":"page-blank.php","meta":{"footnotes":""},"class_list":["post-6341","page","type-page","status-publish","hentry"],"yoast_head":"<!-- This site is optimized with the Yoast SEO plugin v27.2 - https:\/\/yoast.com\/product\/yoast-seo-wordpress\/ -->\n<title>Tra c\u01b0\u0301u thi\u0301 sinh tru\u0301ng tuy\u00ea\u0309n \u0110HCQ 2024 - Tuy\u00ea\u0309n sinh tr\u01b0\u01a1\u0300ng \u0110H Ky\u0303 thu\u00e2\u0323t Y t\u00ea\u0301 Ha\u0309i D\u01b0\u01a1ng, tuy\u00ea\u0309n sinh \u0111a\u0323i ho\u0323c y, tuyen sinh dai hoc y<\/title>\n<meta name=\"robots\" content=\"index, follow, max-snippet:-1, max-image-preview:large, max-video-preview:-1\" \/>\n<link rel=\"canonical\" href=\"https:\/\/tuyensinh.hmtu.edu.vn\/?page_id=6341\" \/>\n<meta property=\"og:locale\" content=\"vi_VN\" \/>\n<meta property=\"og:type\" content=\"article\" \/>\n<meta property=\"og:title\" content=\"Tra c\u01b0\u0301u thi\u0301 sinh tru\u0301ng tuy\u00ea\u0309n \u0110HCQ 2024 - Tuy\u00ea\u0309n sinh tr\u01b0\u01a1\u0300ng \u0110H Ky\u0303 thu\u00e2\u0323t Y t\u00ea\u0301 Ha\u0309i D\u01b0\u01a1ng, tuy\u00ea\u0309n sinh \u0111a\u0323i ho\u0323c y, tuyen sinh dai hoc y\" \/>\n<meta property=\"og:description\" content=\"CHU\u0301C M\u01af\u0300NG CA\u0301C THI\u0301 SINH Xin chu\u0301c m\u01b0\u0300ng ca\u0301c thi\u0301 sinh \u0111a\u0303 \u0111\u0103ng ky\u0301 va\u0300o tr\u01b0\u01a1\u0300ng \u0110a\u0323i Ho\u0323c Ky\u0303 thu\u00e2\u0323t Y t\u00ea\u0301 Ha\u0309i D\u01b0\u01a1ng \u0110I\u1ec2M TR\u00daNG TUY\u1ec2N B\u1eb0NG \u0110I\u1ec2M THI THPT V\u00c0O \u0110\u1ea0I H\u1eccC CH\u00cdNH QUY N\u0102M 2024 GHI CHU\u0301, THI\u0301 SINH TRU\u0301NG TUY\u00ca\u0309N PHA\u0309I LA\u0300M Th\u00ed sinh tr\u00fang tuy\u1ec3n ph\u1ea3i x\u00e1c nh\u1eadn nh\u1eadp h\u1ecdc\" \/>\n<meta property=\"og:url\" content=\"https:\/\/tuyensinh.hmtu.edu.vn\/?page_id=6341\" \/>\n<meta property=\"og:site_name\" content=\"Tuy\u00ea\u0309n sinh tr\u01b0\u01a1\u0300ng \u0110H Ky\u0303 thu\u00e2\u0323t Y t\u00ea\u0301 Ha\u0309i D\u01b0\u01a1ng, tuy\u00ea\u0309n sinh \u0111a\u0323i ho\u0323c y, tuyen sinh dai hoc y\" \/>\n<meta property=\"article:modified_time\" content=\"2025-06-06T02:55:30+00:00\" \/>\n<meta property=\"og:image\" content=\"https:\/\/tuyensinh.hmtu.edu.vn\/wp-content\/uploads\/2024\/08\/diem-trung-tuyen-TS-2024-17.08.2024-Update.jpg\" \/>\n\t<meta property=\"og:image:width\" content=\"530\" \/>\n\t<meta property=\"og:image:height\" content=\"619\" \/>\n\t<meta property=\"og:image:type\" content=\"image\/jpeg\" \/>\n<meta name=\"twitter:card\" content=\"summary_large_image\" \/>\n<meta name=\"twitter:label1\" content=\"\u01af\u1edbc t\u00ednh th\u1eddi gian \u0111\u1ecdc\" \/>\n\t<meta name=\"twitter:data1\" content=\"1 ph\u00fat\" \/>\n<script type=\"application\/ld+json\" class=\"yoast-schema-graph\">{\"@context\":\"https:\/\/schema.org\",\"@graph\":[{\"@type\":\"WebPage\",\"@id\":\"https:\/\/tuyensinh.hmtu.edu.vn\/?page_id=6341\",\"url\":\"https:\/\/tuyensinh.hmtu.edu.vn\/?page_id=6341\",\"name\":\"Tra c\u01b0\u0301u thi\u0301 sinh tru\u0301ng tuy\u00ea\u0309n \u0110HCQ 2024 - Tuy\u00ea\u0309n sinh tr\u01b0\u01a1\u0300ng \u0110H Ky\u0303 thu\u00e2\u0323t Y t\u00ea\u0301 Ha\u0309i D\u01b0\u01a1ng, tuy\u00ea\u0309n sinh \u0111a\u0323i ho\u0323c y, tuyen sinh dai hoc y\",\"isPartOf\":{\"@id\":\"https:\/\/tuyensinh.hmtu.edu.vn\/#website\"},\"primaryImageOfPage\":{\"@id\":\"https:\/\/tuyensinh.hmtu.edu.vn\/?page_id=6341#primaryimage\"},\"image\":{\"@id\":\"https:\/\/tuyensinh.hmtu.edu.vn\/?page_id=6341#primaryimage\"},\"thumbnailUrl\":\"https:\/\/tuyensinh.hmtu.edu.vn\/wp-content\/uploads\/2024\/08\/diem-trung-tuyen-TS-2024-17.08.2024-Update.jpg\",\"datePublished\":\"2024-08-13T02:54:51+00:00\",\"dateModified\":\"2025-06-06T02:55:30+00:00\",\"breadcrumb\":{\"@id\":\"https:\/\/tuyensinh.hmtu.edu.vn\/?page_id=6341#breadcrumb\"},\"inLanguage\":\"vi\",\"potentialAction\":[{\"@type\":\"ReadAction\",\"target\":[\"https:\/\/tuyensinh.hmtu.edu.vn\/?page_id=6341\"]}]},{\"@type\":\"ImageObject\",\"inLanguage\":\"vi\",\"@id\":\"https:\/\/tuyensinh.hmtu.edu.vn\/?page_id=6341#primaryimage\",\"url\":\"https:\/\/tuyensinh.hmtu.edu.vn\/wp-content\/uploads\/2024\/08\/diem-trung-tuyen-TS-2024-17.08.2024-Update.jpg\",\"contentUrl\":\"https:\/\/tuyensinh.hmtu.edu.vn\/wp-content\/uploads\/2024\/08\/diem-trung-tuyen-TS-2024-17.08.2024-Update.jpg\"},{\"@type\":\"BreadcrumbList\",\"@id\":\"https:\/\/tuyensinh.hmtu.edu.vn\/?page_id=6341#breadcrumb\",\"itemListElement\":[{\"@type\":\"ListItem\",\"position\":1,\"name\":\"Trang ch\u1ee7\",\"item\":\"https:\/\/tuyensinh.hmtu.edu.vn\/\"},{\"@type\":\"ListItem\",\"position\":2,\"name\":\"Tra c\u01b0\u0301u thi\u0301 sinh tru\u0301ng tuy\u00ea\u0309n \u0110HCQ 2024\"}]},{\"@type\":\"WebSite\",\"@id\":\"https:\/\/tuyensinh.hmtu.edu.vn\/#website\",\"url\":\"https:\/\/tuyensinh.hmtu.edu.vn\/\",\"name\":\"Tuy\u00ea\u0309n sinh tr\u01b0\u01a1\u0300ng \u0110H Ky\u0303 thu\u00e2\u0323t Y t\u00ea\u0301 Ha\u0309i D\u01b0\u01a1ng\",\"description\":\"Trang th\u00f4ng tin tuy\u00ea\u0309n sinh tr\u01b0\u01a1\u0300ng \u0111a\u0323i ho\u0323c ky\u0303 thu\u00e2\u0323t y t\u00ea\u0301 Ha\u0309i D\u01b0\u01a1ng, tuy\u00ea\u0309n sinh \u0111a\u0323i ho\u0323c y, tuyen sinh dai hoc y\",\"publisher\":{\"@id\":\"https:\/\/tuyensinh.hmtu.edu.vn\/#organization\"},\"alternateName\":\"Trang tuy\u00ea\u0309n sinh tr\u01b0\u01a1\u0300ng \u0110a\u0323i ho\u0323c Ky\u0303 thu\u00e2\u0323t Y t\u00ea\u0301 Ha\u0309i D\u01b0\u01a1ng\",\"potentialAction\":[{\"@type\":\"SearchAction\",\"target\":{\"@type\":\"EntryPoint\",\"urlTemplate\":\"https:\/\/tuyensinh.hmtu.edu.vn\/?s={search_term_string}\"},\"query-input\":{\"@type\":\"PropertyValueSpecification\",\"valueRequired\":true,\"valueName\":\"search_term_string\"}}],\"inLanguage\":\"vi\"},{\"@type\":\"Organization\",\"@id\":\"https:\/\/tuyensinh.hmtu.edu.vn\/#organization\",\"name\":\"Tuy\u00ea\u0309n sinh tr\u01b0\u01a1\u0300ng \u0110H Ky\u0303 thu\u00e2\u0323t Y t\u00ea\u0301 Ha\u0309i D\u01b0\u01a1ng\",\"url\":\"https:\/\/tuyensinh.hmtu.edu.vn\/\",\"logo\":{\"@type\":\"ImageObject\",\"inLanguage\":\"vi\",\"@id\":\"https:\/\/tuyensinh.hmtu.edu.vn\/#\/schema\/logo\/image\/\",\"url\":\"https:\/\/tuyensinh.hmtu.edu.vn\/wp-content\/uploads\/2024\/05\/logo-hien-thi-gui-link-10.jpg\",\"contentUrl\":\"https:\/\/tuyensinh.hmtu.edu.vn\/wp-content\/uploads\/2024\/05\/logo-hien-thi-gui-link-10.jpg\",\"width\":592,\"height\":220,\"caption\":\"Tuy\u00ea\u0309n sinh tr\u01b0\u01a1\u0300ng \u0110H Ky\u0303 thu\u00e2\u0323t Y t\u00ea\u0301 Ha\u0309i D\u01b0\u01a1ng\"},\"image\":{\"@id\":\"https:\/\/tuyensinh.hmtu.edu.vn\/#\/schema\/logo\/image\/\"}}]}<\/script>\n<!-- \/ Yoast SEO plugin. -->","yoast_head_json":{"title":"Tra c\u01b0\u0301u thi\u0301 sinh tru\u0301ng tuy\u00ea\u0309n \u0110HCQ 2024 - Tuy\u00ea\u0309n sinh tr\u01b0\u01a1\u0300ng \u0110H Ky\u0303 thu\u00e2\u0323t Y t\u00ea\u0301 Ha\u0309i D\u01b0\u01a1ng, tuy\u00ea\u0309n sinh \u0111a\u0323i ho\u0323c y, tuyen sinh dai hoc y","robots":{"index":"index","follow":"follow","max-snippet":"max-snippet:-1","max-image-preview":"max-image-preview:large","max-video-preview":"max-video-preview:-1"},"canonical":"https:\/\/tuyensinh.hmtu.edu.vn\/?page_id=6341","og_locale":"vi_VN","og_type":"article","og_title":"Tra c\u01b0\u0301u thi\u0301 sinh tru\u0301ng tuy\u00ea\u0309n \u0110HCQ 2024 - Tuy\u00ea\u0309n sinh tr\u01b0\u01a1\u0300ng \u0110H Ky\u0303 thu\u00e2\u0323t Y t\u00ea\u0301 Ha\u0309i D\u01b0\u01a1ng, tuy\u00ea\u0309n sinh \u0111a\u0323i ho\u0323c y, tuyen sinh dai hoc y","og_description":"CHU\u0301C M\u01af\u0300NG CA\u0301C THI\u0301 SINH Xin chu\u0301c m\u01b0\u0300ng ca\u0301c thi\u0301 sinh \u0111a\u0303 \u0111\u0103ng ky\u0301 va\u0300o tr\u01b0\u01a1\u0300ng \u0110a\u0323i Ho\u0323c Ky\u0303 thu\u00e2\u0323t Y t\u00ea\u0301 Ha\u0309i D\u01b0\u01a1ng \u0110I\u1ec2M TR\u00daNG TUY\u1ec2N B\u1eb0NG \u0110I\u1ec2M THI THPT V\u00c0O \u0110\u1ea0I H\u1eccC CH\u00cdNH QUY N\u0102M 2024 GHI CHU\u0301, THI\u0301 SINH TRU\u0301NG TUY\u00ca\u0309N PHA\u0309I LA\u0300M Th\u00ed sinh tr\u00fang tuy\u1ec3n ph\u1ea3i x\u00e1c nh\u1eadn nh\u1eadp h\u1ecdc","og_url":"https:\/\/tuyensinh.hmtu.edu.vn\/?page_id=6341","og_site_name":"Tuy\u00ea\u0309n sinh tr\u01b0\u01a1\u0300ng \u0110H Ky\u0303 thu\u00e2\u0323t Y t\u00ea\u0301 Ha\u0309i D\u01b0\u01a1ng, tuy\u00ea\u0309n sinh \u0111a\u0323i ho\u0323c y, tuyen sinh dai hoc y","article_modified_time":"2025-06-06T02:55:30+00:00","og_image":[{"width":530,"height":619,"url":"https:\/\/tuyensinh.hmtu.edu.vn\/wp-content\/uploads\/2024\/08\/diem-trung-tuyen-TS-2024-17.08.2024-Update.jpg","type":"image\/jpeg"}],"twitter_card":"summary_large_image","twitter_misc":{"\u01af\u1edbc t\u00ednh th\u1eddi gian \u0111\u1ecdc":"1 ph\u00fat"},"schema":{"@context":"https:\/\/schema.org","@graph":[{"@type":"WebPage","@id":"https:\/\/tuyensinh.hmtu.edu.vn\/?page_id=6341","url":"https:\/\/tuyensinh.hmtu.edu.vn\/?page_id=6341","name":"Tra c\u01b0\u0301u thi\u0301 sinh tru\u0301ng tuy\u00ea\u0309n \u0110HCQ 2024 - Tuy\u00ea\u0309n sinh tr\u01b0\u01a1\u0300ng \u0110H Ky\u0303 thu\u00e2\u0323t Y t\u00ea\u0301 Ha\u0309i D\u01b0\u01a1ng, tuy\u00ea\u0309n sinh \u0111a\u0323i ho\u0323c y, tuyen sinh dai hoc y","isPartOf":{"@id":"https:\/\/tuyensinh.hmtu.edu.vn\/#website"},"primaryImageOfPage":{"@id":"https:\/\/tuyensinh.hmtu.edu.vn\/?page_id=6341#primaryimage"},"image":{"@id":"https:\/\/tuyensinh.hmtu.edu.vn\/?page_id=6341#primaryimage"},"thumbnailUrl":"https:\/\/tuyensinh.hmtu.edu.vn\/wp-content\/uploads\/2024\/08\/diem-trung-tuyen-TS-2024-17.08.2024-Update.jpg","datePublished":"2024-08-13T02:54:51+00:00","dateModified":"2025-06-06T02:55:30+00:00","breadcrumb":{"@id":"https:\/\/tuyensinh.hmtu.edu.vn\/?page_id=6341#breadcrumb"},"inLanguage":"vi","potentialAction":[{"@type":"ReadAction","target":["https:\/\/tuyensinh.hmtu.edu.vn\/?page_id=6341"]}]},{"@type":"ImageObject","inLanguage":"vi","@id":"https:\/\/tuyensinh.hmtu.edu.vn\/?page_id=6341#primaryimage","url":"https:\/\/tuyensinh.hmtu.edu.vn\/wp-content\/uploads\/2024\/08\/diem-trung-tuyen-TS-2024-17.08.2024-Update.jpg","contentUrl":"https:\/\/tuyensinh.hmtu.edu.vn\/wp-content\/uploads\/2024\/08\/diem-trung-tuyen-TS-2024-17.08.2024-Update.jpg"},{"@type":"BreadcrumbList","@id":"https:\/\/tuyensinh.hmtu.edu.vn\/?page_id=6341#breadcrumb","itemListElement":[{"@type":"ListItem","position":1,"name":"Trang ch\u1ee7","item":"https:\/\/tuyensinh.hmtu.edu.vn\/"},{"@type":"ListItem","position":2,"name":"Tra c\u01b0\u0301u thi\u0301 sinh tru\u0301ng tuy\u00ea\u0309n \u0110HCQ 2024"}]},{"@type":"WebSite","@id":"https:\/\/tuyensinh.hmtu.edu.vn\/#website","url":"https:\/\/tuyensinh.hmtu.edu.vn\/","name":"Tuy\u00ea\u0309n sinh tr\u01b0\u01a1\u0300ng \u0110H Ky\u0303 thu\u00e2\u0323t Y t\u00ea\u0301 Ha\u0309i D\u01b0\u01a1ng","description":"Trang th\u00f4ng tin tuy\u00ea\u0309n sinh tr\u01b0\u01a1\u0300ng \u0111a\u0323i ho\u0323c ky\u0303 thu\u00e2\u0323t y t\u00ea\u0301 Ha\u0309i D\u01b0\u01a1ng, tuy\u00ea\u0309n sinh \u0111a\u0323i ho\u0323c y, tuyen sinh dai hoc y","publisher":{"@id":"https:\/\/tuyensinh.hmtu.edu.vn\/#organization"},"alternateName":"Trang tuy\u00ea\u0309n sinh tr\u01b0\u01a1\u0300ng \u0110a\u0323i ho\u0323c Ky\u0303 thu\u00e2\u0323t Y t\u00ea\u0301 Ha\u0309i D\u01b0\u01a1ng","potentialAction":[{"@type":"SearchAction","target":{"@type":"EntryPoint","urlTemplate":"https:\/\/tuyensinh.hmtu.edu.vn\/?s={search_term_string}"},"query-input":{"@type":"PropertyValueSpecification","valueRequired":true,"valueName":"search_term_string"}}],"inLanguage":"vi"},{"@type":"Organization","@id":"https:\/\/tuyensinh.hmtu.edu.vn\/#organization","name":"Tuy\u00ea\u0309n sinh tr\u01b0\u01a1\u0300ng \u0110H Ky\u0303 thu\u00e2\u0323t Y t\u00ea\u0301 Ha\u0309i D\u01b0\u01a1ng","url":"https:\/\/tuyensinh.hmtu.edu.vn\/","logo":{"@type":"ImageObject","inLanguage":"vi","@id":"https:\/\/tuyensinh.hmtu.edu.vn\/#\/schema\/logo\/image\/","url":"https:\/\/tuyensinh.hmtu.edu.vn\/wp-content\/uploads\/2024\/05\/logo-hien-thi-gui-link-10.jpg","contentUrl":"https:\/\/tuyensinh.hmtu.edu.vn\/wp-content\/uploads\/2024\/05\/logo-hien-thi-gui-link-10.jpg","width":592,"height":220,"caption":"Tuy\u00ea\u0309n sinh tr\u01b0\u01a1\u0300ng \u0110H Ky\u0303 thu\u00e2\u0323t Y t\u00ea\u0301 Ha\u0309i D\u01b0\u01a1ng"},"image":{"@id":"https:\/\/tuyensinh.hmtu.edu.vn\/#\/schema\/logo\/image\/"}}]}},"_links":{"self":[{"href":"https:\/\/tuyensinh.hmtu.edu.vn\/index.php?rest_route=\/wp\/v2\/pages\/6341","targetHints":{"allow":["GET"]}}],"collection":[{"href":"https:\/\/tuyensinh.hmtu.edu.vn\/index.php?rest_route=\/wp\/v2\/pages"}],"about":[{"href":"https:\/\/tuyensinh.hmtu.edu.vn\/index.php?rest_route=\/wp\/v2\/types\/page"}],"author":[{"embeddable":true,"href":"https:\/\/tuyensinh.hmtu.edu.vn\/index.php?rest_route=\/wp\/v2\/users\/1"}],"replies":[{"embeddable":true,"href":"https:\/\/tuyensinh.hmtu.edu.vn\/index.php?rest_route=%2Fwp%2Fv2%2Fcomments&post=6341"}],"version-history":[{"count":121,"href":"https:\/\/tuyensinh.hmtu.edu.vn\/index.php?rest_route=\/wp\/v2\/pages\/6341\/revisions"}],"predecessor-version":[{"id":10277,"href":"https:\/\/tuyensinh.hmtu.edu.vn\/index.php?rest_route=\/wp\/v2\/pages\/6341\/revisions\/10277"}],"wp:attachment":[{"href":"https:\/\/tuyensinh.hmtu.edu.vn\/index.php?rest_route=%2Fwp%2Fv2%2Fmedia&parent=6341"}],"curies":[{"name":"wp","href":"https:\/\/api.w.org\/{rel}","templated":true}]}}